{"id":506,"date":"2013-12-01T00:02:00","date_gmt":"2013-11-30T22:02:00","guid":{"rendered":"http:\/\/www.prv-concept.com\/boutique\/produit\/systeme-dinjection-renforce-pour-renault-25-v6-turbo\/"},"modified":"2019-03-26T20:54:29","modified_gmt":"2019-03-26T19:54:29","slug":"systeme-dinjection-renforce-pour-renault-25-v6-turbo","status":"publish","type":"product","link":"https:\/\/www.prv-concept.com\/boutique\/produit\/systeme-dinjection-renforce-pour-renault-25-v6-turbo\/","title":{"rendered":"Kit d&rsquo;injection renforc\u00e9 pour Renault 25 V6 Turbo"},"content":{"rendered":"<p>Kit pour Renault 25 V6 Turbo permettant de supprimer d\u00e9finitivement toute usure et toute fuite \u00e9ventuelle r\u00e9currente au niveau du plateau d&rsquo;injection sur votre Renault 25 V6 Turbo.<\/p>\n<p>Un long travail a \u00e9t\u00e9 men\u00e9e pour l&rsquo;\u00e9tude et la mise au point de ce montage.<\/p>\n<p>Ce produit s&rsquo;adresse essentiellement aux r\u00e9els connaisseurs de la Renault 25 V6 Turbo, qui connaissent le grave risque et les cons\u00e9quences parfois dramatiques d&rsquo;une fuite d&rsquo;essence sous pression dans un environnement tr\u00e8s chaud.<\/p>\n<p>Disponible sous un d\u00e9lai de 1 mois apr\u00e8s commande.<\/p>\n<p>Attention ce kit est \u00e0 monter soit m\u00eame.<\/p>\n<p>Ce kit comprend :<\/p>\n<ul>\n<li>Les rampes d&rsquo;injection neuves;<\/li>\n<li>Le r\u00e9gulateur de pression d&rsquo;essence r\u00e9glable neuf;<\/li>\n<li>Les raccords et les flexibles;<\/li>\n<li>Une notice de montage d\u00e9taill\u00e9e.<\/li>\n<\/ul>\n<p>&nbsp;<\/p>\n<p>Actuellement en rupture de stock pour cause de rampes \u00e0 raccords viss\u00e9s indisponibles. Possibilit\u00e9 de r\u00e9aliser un kit sur des rampes avec des raccords \u00e0 embo\u00eeter. Nous contacter pour plus d&rsquo;informations.<\/p>\n","protected":false},"excerpt":{"rendered":"<p>Kit pour Renault 25 V6 Turbo permettant de supprimer d\u00e9finitivement toute usure et toute fuite \u00e9ventuelle r\u00e9currente au niveau du plateau d&rsquo;injection sur votre Renault 25 V6 Turbo. Un long travail a \u00e9t\u00e9 men\u00e9e pour l&rsquo;\u00e9tude et la mise au point de ce montage. Ce produit s&rsquo;adresse essentiellement aux r\u00e9els[&#8230;]<\/p>\n","protected":false},"featured_media":513,"comment_status":"closed","ping_status":"closed","template":"","meta":[],"_links":{"self":[{"href":"https:\/\/www.prv-concept.com\/boutique\/wp-json\/wp\/v2\/product\/506"}],"collection":[{"href":"https:\/\/www.prv-concept.com\/boutique\/wp-json\/wp\/v2\/product"}],"about":[{"href":"https:\/\/www.prv-concept.com\/boutique\/wp-json\/wp\/v2\/types\/product"}],"replies":[{"embeddable":true,"href":"https:\/\/www.prv-concept.com\/boutique\/wp-json\/wp\/v2\/comments?post=506"}],"wp:featuredmedia":[{"embeddable":true,"href":"https:\/\/www.prv-concept.com\/boutique\/wp-json\/wp\/v2\/media\/513"}],"wp:attachment":[{"href":"https:\/\/www.prv-concept.com\/boutique\/wp-json\/wp\/v2\/media?parent=506"}],"curies":[{"name":"wp","href":"https:\/\/api.w.org\/{rel}","templated":true}]}}