{"id":314,"date":"2013-06-29T21:47:09","date_gmt":"2013-06-29T19:47:09","guid":{"rendered":"http:\/\/www.prv-concept.com\/boutique\/?post_type=product&#038;p=314"},"modified":"2019-03-27T19:46:53","modified_gmt":"2019-03-27T18:46:53","slug":"emblemes-neufs-renault-pour-center-caps-de-roues-r25-baccara","status":"publish","type":"product","link":"https:\/\/www.prv-concept.com\/boutique\/produit\/emblemes-neufs-renault-pour-center-caps-de-roues-r25-baccara\/","title":{"rendered":"Embl\u00e8me neuf Renault pour center caps de roues R25 Baccara"},"content":{"rendered":"<p>L&rsquo;association PRV Concept propose \u00e0 la vente des embl\u00e8mes neufs de center caps de roues neufs pour Renault 25 mod\u00e8le Baccara (16 pouces). Ces pi\u00e8ces (d&rsquo;origine Renault) sont extr\u00eamement rares et ne sont plus disponibles chez Renault depuis un certain nombre d&rsquo;ann\u00e9es.<\/p>\n<p>Le prix est pour 1 embl\u00e8me.<\/p>\n<p>Remplace la r\u00e9f\u00e9rence Renault suivante (cache complet, mais seul l&#8217;embl\u00e8me est d\u00e9taill\u00e9 dans l&rsquo;annonce) :<strong>6001024309<\/strong>.<\/p>\n","protected":false},"excerpt":{"rendered":"<p>L&rsquo;association PRV Concept propose \u00e0 la vente des embl\u00e8mes neufs de center caps de roues neufs pour Renault 25 mod\u00e8le Baccara (16 pouces). Ces pi\u00e8ces (d&rsquo;origine Renault) sont extr\u00eamement rares et ne sont plus disponibles chez Renault depuis un certain nombre d&rsquo;ann\u00e9es. Le prix est pour 1 embl\u00e8me. Remplace la[&#8230;]<\/p>\n","protected":false},"featured_media":317,"comment_status":"closed","ping_status":"closed","template":"","meta":[],"_links":{"self":[{"href":"https:\/\/www.prv-concept.com\/boutique\/wp-json\/wp\/v2\/product\/314"}],"collection":[{"href":"https:\/\/www.prv-concept.com\/boutique\/wp-json\/wp\/v2\/product"}],"about":[{"href":"https:\/\/www.prv-concept.com\/boutique\/wp-json\/wp\/v2\/types\/product"}],"replies":[{"embeddable":true,"href":"https:\/\/www.prv-concept.com\/boutique\/wp-json\/wp\/v2\/comments?post=314"}],"wp:featuredmedia":[{"embeddable":true,"href":"https:\/\/www.prv-concept.com\/boutique\/wp-json\/wp\/v2\/media\/317"}],"wp:attachment":[{"href":"https:\/\/www.prv-concept.com\/boutique\/wp-json\/wp\/v2\/media?parent=314"}],"curies":[{"name":"wp","href":"https:\/\/api.w.org\/{rel}","templated":true}]}}