{"id":305,"date":"2013-06-29T21:33:32","date_gmt":"2013-06-29T19:33:32","guid":{"rendered":"http:\/\/www.prv-concept.com\/boutique\/?post_type=product&#038;p=305"},"modified":"2023-08-07T20:17:06","modified_gmt":"2023-08-07T19:17:06","slug":"pommeau-renault-25-baccara","status":"publish","type":"product","link":"https:\/\/www.prv-concept.com\/boutique\/produit\/pommeau-renault-25-baccara\/","title":{"rendered":"Pommeau Renault 25 Baccara"},"content":{"rendered":"<p>En ce moment sur PRV Concept, vente de 2 pommeaux Baccara (reproduction fid\u00e8le \u00e0 l&rsquo;origine).<br \/>\nSculpt\u00e9 dans de l&rsquo;orme, ces 2 pommeaux ont re\u00e7u une teinte diff\u00e9rente avant leurs vernissages au pistolet.<\/p>\n<p>Possibilit\u00e9 de r\u00e9server d&rsquo;autres types de pommeau (autre essence de bois, autre teinte, m\u00e9lange de bois, autre couleur de pochage pour les inscriptions&#8230;).<br \/>\nLe d\u00e9lai de fabrication est d&rsquo;environ 3 mois.<\/p>\n<p>Remplace la r\u00e9f\u00e9rence Renault suivante : <strong>7700795900<\/strong>.<\/p>\n","protected":false},"excerpt":{"rendered":"<p>En ce moment sur PRV Concept, vente de 2 pommeaux Baccara (reproduction fid\u00e8le \u00e0 l&rsquo;origine). Sculpt\u00e9 dans de l&rsquo;orme, ces 2 pommeaux ont re\u00e7u une teinte diff\u00e9rente avant leurs vernissages au pistolet. Possibilit\u00e9 de r\u00e9server d&rsquo;autres types de pommeau (autre essence de bois, autre teinte, m\u00e9lange de bois, autre couleur[&#8230;]<\/p>\n","protected":false},"featured_media":309,"comment_status":"closed","ping_status":"closed","template":"","meta":[],"_links":{"self":[{"href":"https:\/\/www.prv-concept.com\/boutique\/wp-json\/wp\/v2\/product\/305"}],"collection":[{"href":"https:\/\/www.prv-concept.com\/boutique\/wp-json\/wp\/v2\/product"}],"about":[{"href":"https:\/\/www.prv-concept.com\/boutique\/wp-json\/wp\/v2\/types\/product"}],"replies":[{"embeddable":true,"href":"https:\/\/www.prv-concept.com\/boutique\/wp-json\/wp\/v2\/comments?post=305"}],"wp:featuredmedia":[{"embeddable":true,"href":"https:\/\/www.prv-concept.com\/boutique\/wp-json\/wp\/v2\/media\/309"}],"wp:attachment":[{"href":"https:\/\/www.prv-concept.com\/boutique\/wp-json\/wp\/v2\/media?parent=305"}],"curies":[{"name":"wp","href":"https:\/\/api.w.org\/{rel}","templated":true}]}}