{"id":738,"date":"2017-12-17T14:08:23","date_gmt":"2017-12-17T13:08:23","guid":{"rendered":"http:\/\/www.prv-concept.com\/boutique\/?post_type=product&#038;p=738"},"modified":"2020-01-22T23:13:47","modified_gmt":"2020-01-22T22:13:47","slug":"paire-de-moteurs-de-leve-vitres-arrieres-renault-25","status":"publish","type":"product","link":"http:\/\/www.prv-concept.com\/boutique\/produit\/paire-de-moteurs-de-leve-vitres-arrieres-renault-25\/","title":{"rendered":"Paire de moteurs de l\u00e8ve-vitres arri\u00e8res Renault 25"},"content":{"rendered":"<p>L&rsquo;association PRV Concept souhaite proposer \u00e0 ses membres des moteurs de l\u00e8ve-vitres arri\u00e8res \u00e9lectriques neufs pour Renault 25.<\/p>\n<p>Ce sont des pi\u00e8ces d&rsquo;origine Renault.<\/p>\n<p>Vendu par paire (arri\u00e8re gauche et arri\u00e8re droit).<\/p>\n","protected":false},"excerpt":{"rendered":"<p>L&rsquo;association PRV Concept souhaite proposer \u00e0 ses membres des moteurs de l\u00e8ve-vitres arri\u00e8res \u00e9lectriques neufs pour Renault 25.<\/p>\n<p>Ce sont des pi\u00e8ces d&rsquo;origine Renault.<\/p>\n<p>Vendu par paire (arri\u00e8re gauche et arri\u00e8re droit).<\/p>\n","protected":false},"featured_media":742,"comment_status":"closed","ping_status":"closed","template":"","meta":[],"_links":{"self":[{"href":"http:\/\/www.prv-concept.com\/boutique\/wp-json\/wp\/v2\/product\/738"}],"collection":[{"href":"http:\/\/www.prv-concept.com\/boutique\/wp-json\/wp\/v2\/product"}],"about":[{"href":"http:\/\/www.prv-concept.com\/boutique\/wp-json\/wp\/v2\/types\/product"}],"replies":[{"embeddable":true,"href":"http:\/\/www.prv-concept.com\/boutique\/wp-json\/wp\/v2\/comments?post=738"}],"wp:featuredmedia":[{"embeddable":true,"href":"http:\/\/www.prv-concept.com\/boutique\/wp-json\/wp\/v2\/media\/742"}],"wp:attachment":[{"href":"http:\/\/www.prv-concept.com\/boutique\/wp-json\/wp\/v2\/media?parent=738"}],"curies":[{"name":"wp","href":"https:\/\/api.w.org\/{rel}","templated":true}]}}